-2). Suppose -1 - u = v. What are the prime factors of (v - -3)/((-1)/3)?
3
Let m(k) = -k**3 + 8*k**2 + 3*k - 5. Let b be m(8). Suppose -5*v + b = 2*q, -3*q + 4*q - 4*v = 16. What are the prime factors of q?
2, 3
Let k be (5/15)/(1/6). Suppose -k*t - 3*t = -10. Let b = t + 1. List the prime factors of b.
3
Let r(j) be the first derivative of j**4/4 - 2*j**3/3 + 3*j**2/2 - 2*j + 2. List the prime factors of r(3).
2
Let s(p) = 14*p**3 + p. Let x(v) = -v - 2. Let c be x(-3). Let g be s(c). What are the prime factors of (-28)/(-6) + 5/g?
5
Suppose 3*y - 28 = -10. Suppose -5*n + 2 + y = -4*i, 4*n - 22 = -2*i. List the prime factors of i.
3
Let y(v) = 82*v**2 - 1. Let u be y(-1). Suppose u = 3*f + 15. List the prime factors of f.
2, 11
Suppose 1085 = 4*d + 53. What are the prime factors of d?
2, 3, 43
Let s(i) = 3*i**2 + 3*i + 1. Let r be s(-2). Let h = -11 - r. What are the prime factors of -3 + h*3/(-6)?
2, 3
Suppose -21*b = -23*b + 54. What are the prime factors of b?
3
Let p = 0 - -3. Let f = 11 - p. Suppose -3*w + f = w. List the prime factors of w.
2
Let h(m) = -m**3 - 4*m**2 - 4. Let d be h(-5). Let o = -13 + d. List the prime factors of o.
2
Suppose -2*c = 5*c - 1400. List the prime factors of c.
2, 5
What are the prime factors of 63 + -2*3/(-6)?
2
What are the prime factors of 45/3*18/10?
3
Let m be 5/(-20) - 34/(-8). Let x(j) = 7*j**2 - 27*j + 16. Let r(u) = 3*u**2 - 13*u + 8. Let f(b) = m*x(b) - 9*r(b). List the prime factors of f(-11).
2, 7
Suppose -2*c - 294 = -9*c. List the prime factors of c.
2, 3, 7
Suppose -4*w + 6*n + 25 = n, -3 = -n. Suppose 2*d - w = -0*d. Suppose d*g - 2*f = f + 57, 2*f + 46 = 4*g. What are the prime factors of g?
2, 3
Suppose 0 = 2*a - 7 - 9. Let w(p) = -6*p + 0 + 0 + p**2 + 3 - 7. List the prime factors of w(a).
2, 3
Let j(g) be the third derivative of -g**6/720 + g**5/120 + g**4/8 - 3*g**2. Let p(z) be the second derivative of j(z). List the prime factors of p(-3).
2
Suppose 2*k - 37 = 35. What are the prime factors of k?
2, 3
Suppose 0 = 4*q - q + 15. Let n(t) = t**2 + 5*t + 3. List the prime factors of n(q).
3
Let p(l) be the third derivative of l**4/12 + 4*l**3/3 - l**2. Let q be p(6). Suppose 2*b - q = -3*b. What are the prime factors of b?
2
Let u(i) = i - 6. Let h(q) = -2*q + 7. Let j(k) = -2*h(k) - 3*u(k). What are the prime factors of j(4)?
2
Suppose -m + 28 = -3*o + 4*o, -3*o + 18 = m. List the prime factors of m.
3, 11
Suppose 9*t - 759 = -2*t. List the prime factors of t.
3, 23
Suppose 2*m = 243 + 225. What are the prime factors of m?
2, 3, 13
Let k be (-78)/(-18) - 4/(-6). Let p be (12/(-10))/(10/25). Let a = k + p. What are the prime factors of a?
2
Let k(d) = d**2 - 5*d - 5. Let g be k(5). Let q = 18 + g. What are the prime factors of q?
13
Suppose 3*j - 113 = 184. List the prime factors of j.
3, 11
What are the prime factors of (401/(-2))/((-3)/6)?
401
Let o(a) = -a + 5. Let y be o(-10). Let v = -2 + 4. Let l = y - v. List the prime factors of l.
13
Let z(x) = -2*x**2 - x - 1. Let d(h) = -h**2. Let y(w) = -11*d(w) + 4*z(w). List the prime factors of y(-3).
5, 7
List the prime factors of -1 + -2 + (-56)/(-1).
53
Let k be -1*(-8 + (-1 - -4)). Suppose 4*j + 246 = k*x + 7*j, 0 = -5*x + 3*j + 264. List the prime factors of x/15 + (-4)/10.
3
Suppose -4*v + 4*c + 16 = 0, 2*v = v - 5*c + 34. List the prime factors of v.
3
Let j(s) = -4*s**3 - 3*s**2 - 2*s - 1. Suppose -5*y + 2*m = 6, -2*y + 3*m = -m - 4. What are the prime factors of j(y)?
23
Let q(b) = -b**3 - b**2 - 3*b + 2. Let w be q(3). Let p = -29 - w. List the prime factors of p.
2, 7
Let x = -67 + 115. Let h = x + -21. What are the prime factors of h?
3
Suppose 0*b + 5 = b. Let w = b - 13. Let d(c) = -c. List the prime factors of d(w).
2
Suppose -o + 2*g - 11 = 19, -2*o - 2*g - 72 = 0. Suppose -3*p = 2*d + 62, 3*p + 0*p - 2*d + 82 = 0. Let x = p - o. What are the prime factors of x?
2, 5
Suppose 5*s + 46 = 446. Suppose 0*g = -2*g + s. Suppose 4*w = -0*w + g. List the prime factors of w.
2, 5
What are the prime factors of (341/22)/((-2)/(-4))?
31
Let j = 25 + 7. Let i(d) = d**3 + 6*d**2 - 2*d - 6. Let l be i(-6). Suppose l*s = 2*s + j. List the prime factors of s.
2
Suppose 2 = g + 4*d - 4, 2*g - 25 = 5*d. Suppose 3*o = -5*s + o + 50, -s - 3*o + g = 0. List the prime factors of 2/s - 42/(-15).
3
Let v be 2 - (2 + 0) - -2. Let q be v/(-8) - 39/(-12). Suppose -n = q*n - 20. What are the prime factors of n?
5
What are the prime factors of (6/(-8))/((-6)/1176) - -3?
2, 3, 5
Let g be (-60)/(-27) - (-2)/(-9). Suppose 3*v - h - 7 = 0, -h + 1 = 2*v + g*h. Suppose -4*z + v + 16 = -5*r, 0 = -2*z - 2*r + 18. List the prime factors of z.
7
Let p = -25 - -48. Suppose -5*w = -2*u + 48, -4*w - 67 = 4*u - p. Let h = -2 - w. What are the prime factors of h?
2
Suppose 5*c - 4*q - 34 = 0, 5*c + 2*q - 33 = 5*q. List the prime factors of (c/3 - -19) + -2.
19
Let t(y) = y**3 + 0*y**2 + 5 - 2*y**2 - 2*y - 1. Let c be t(3). Let s(q) = -q**3 + 7*q**2 - q + 10. List the prime factors of s(c).
3
Let g(t) = 4*t**3 - 2*t**2 - 6*t - 9. Let n(o) = -11*o**3 + 5*o**2 + 17*o + 26. Let d(b) = 17*g(b) + 6*n(b). List the prime factors of d(3).
3, 7
Let s = -3 + 4. Let h(v) = 3*v - v + 3*v - 7*v + s + 10*v**2. List the prime factors of h(1).
3
Let x be 2 + (0 - (0 + 2)). Suppose x = 2*g - g - 13. Suppose g = 5*t + 3*l, -t + 0*t + 6 = 4*l. What are the prime factors of t?
2
Let f(p) = 3*p + 1. Let a be f(1). Let t be 0/((-1)/(-2)*2). Suppose -a*u = -t*u - 44. What are the prime factors of u?
11
Let g = 113 - 59. List the prime factors of g.
2, 3
Let d = 44 + -21. What are the prime factors of d?
23
Let k be 3/(-12) - 146/(-8). Let x(r) = -r**3 - 6*r**2 - 4*r + 7. Let a be x(-5). Suppose -n = a*n - k. List the prime factors of n.
2, 3
Let b = 1 + 0. Suppose -k - b + 11 = 0. What are the prime factors of k?
2, 5
Suppose 3*z = 2*z. Suppose z*p - p + 45 = 0. List the prime factors of p.
3, 5
Let f = 31 - 5. List the prime factors of f.
2, 13
Let m = -59 + 205. Suppose 5*j + 11 = m. What are the prime factors of j?
3
List the prime factors of 4/22 - 1704/(-66).
2, 13
Let m = 5 + -8. Let q = 1 + m. Let w(f) = -f**3 + 2*f**2 + f + 2. What are the prime factors of w(q)?
2
Let i(p) = 17*p**2 - p - 1. List the prime factors of i(1).
3, 5
Let z(n) = -3*n + 24. List the prime factors of z(-28).
2, 3
What are the prime factors of 542/6 - (32/12)/(-4)?
7, 13
Let t = 10 + -8. Suppose -v + 78 = t*v. List the prime factors of v.
2, 13
Suppose -20*m + 3565 = -1055. What are the prime factors of m?
3, 7, 11
Let x = 285 - 91. What are the prime factors of x?
2, 97
Suppose 0*i - 10 = 3*n - i, -9 = 2*n - 3*i. Let d = 8 - n. What are the prime factors of d?
11
Let r(d) = -d**3 + 5*d**2 - 4*d + 3. Let l be r(4). Suppose -14 = -2*m - l*j - 3, 5*j - 17 = -2*m. Let v = 10 + m. List the prime factors of v.
11
Let g(d) = -7*d**3 - 1. Let x be g(1). Let a = x - -14. What are the prime factors of a?
2, 3
Let w(s) = s**2 + 3*s + 6. Let b(i) = -i**3 - 11 - 10*i + 3*i**2 + 8*i**2 + 7. Let k be b(10). List the prime factors of w(k).
2, 5
Suppose 5*s + 15 = -5*h, -2*h - 3*h = 15. Suppose -b + s*b + 12 = 0. What are the prime factors of (1/2)/(2/b)?
3
Let w(d) = d**3 + 3*d**2 - 5*d - 2. Let a be w(-4). Suppose a*r - 7*r + 40 = 0. What are the prime factors of r?
2
Let g = 7 - 3. Suppose 0 = -g*y + 2*s - s + 55, 5*y + 3*s = 73. What are the prime factors of y?
2, 7
Let i = 67 - 22. List the prime factors of i.
3, 5
Let y = -6 - -33. Let j = y + -14. What are the prime factors of j?
13
Let c(z) = -z**3 - 7*z**2 + 7*z - 6. Let g be c(-8). Suppose 13 + 13 = g*a. List the prime factors of a.
13
Let l(z) = -z**3 - 10*z**2 - 4*z + 4. What are the prime factors of l(-10)?
2, 11
Let y(q) = -9*q - 10. What are the prime factors of y(-5)?
5, 7
Let l = -30 - -9. Let f be l*(8/(-6))/(-1). Let m = -17 - f. What are the prime factors of m?
11
Suppose 4*a - 3*g = -g - 12, -5*a = 4*g + 15. Let j = -1 - a. List the prime factors of j.
2
Suppose n - 50 = -h, 3*h - 2 = 4*n - 230. List the prime factors of n/12*(-2)/(-3).
3
Let u = -2 + 3. Let r be u/(3 + -2) - -2. Suppose 0*n - r = -n. List the prime factors of n.
3
Let j be (-20)/9 - 14/(-63). List the prime factors of 38 + (-7)/(7/j).
2, 5
Let j(d) be the third derivative of -19*d**